{"id":464,"date":"2022-10-15T16:27:19","date_gmt":"2022-10-15T14:27:19","guid":{"rendered":"https:\/\/assises.csiesr.eu\/2024\/?page_id=464"},"modified":"2024-02-16T15:45:54","modified_gmt":"2024-02-16T14:45:54","slug":"inscription-congressistes","status":"publish","type":"page","link":"https:\/\/assises.csiesr.eu\/2024\/inscription-congressistes\/","title":{"rendered":"Inscription congressistes"},"content":{"rendered":"\t\t<div data-elementor-type=\"wp-page\" data-elementor-id=\"464\" class=\"elementor elementor-464\">\n\t\t\t\t\t\t<section class=\"elementor-section elementor-top-section elementor-element elementor-element-8ad216f elementor-section-boxed elementor-section-height-default elementor-section-height-default\" data-id=\"8ad216f\" data-element_type=\"section\">\n\t\t\t\t\t\t<div class=\"elementor-container elementor-column-gap-default\">\n\t\t\t\t\t<div class=\"elementor-column elementor-col-100 elementor-top-column elementor-element elementor-element-1c32b59\" data-id=\"1c32b59\" data-element_type=\"column\">\n\t\t\t<div class=\"elementor-widget-wrap elementor-element-populated\">\n\t\t\t\t\t\t<div class=\"elementor-element elementor-element-613ee39 elementor-widget elementor-widget-text-editor\" data-id=\"613ee39\" data-element_type=\"widget\" data-widget_type=\"text-editor.default\">\n\t\t\t\t<div class=\"elementor-widget-container\">\n\t\t\t<style>\/*! elementor - v3.20.0 - 11-03-2024 *\/\n.elementor-widget-text-editor.elementor-drop-cap-view-stacked .elementor-drop-cap{background-color:#69727d;color:#fff}.elementor-widget-text-editor.elementor-drop-cap-view-framed .elementor-drop-cap{color:#69727d;border:3px solid;background-color:transparent}.elementor-widget-text-editor:not(.elementor-drop-cap-view-default) .elementor-drop-cap{margin-top:8px}.elementor-widget-text-editor:not(.elementor-drop-cap-view-default) .elementor-drop-cap-letter{width:1em;height:1em}.elementor-widget-text-editor .elementor-drop-cap{float:left;text-align:center;line-height:1;font-size:50px}.elementor-widget-text-editor .elementor-drop-cap-letter{display:inline-block}<\/style>\t\t\t\t<p id=\"h.p_Z40qMRrhHde4\" class=\"zfr3Q\"><strong>Pour toutes questions :\u00a0<a class=\"dhtgD aw5Odc\" href=\"mailto:gestion@csiesr.eu\" target=\"_blank\" rel=\"noopener noreferrer\">gestion@csiesr.eu<\/a><\/strong><\/p><p id=\"h.p_vQmmRKJUY0Lz\" class=\"zfr3Q\"><strong>Important : <\/strong><\/p><ul><li><strong>Votre \u00e9tablissement doit \u00eatre <a href=\"https:\/\/formac.csiesr.eu\/adhesion\" target=\"_blank\" rel=\"noopener\">adh\u00e9rent du CSIESR<\/a><\/strong><\/li><li class=\"zfr3Q\"><strong>les r\u00e9servations ne deviennent inscriptions qu\u2019\u00e0 r\u00e9ception du paiement ou du bon de commande.<\/strong><\/li><\/ul><p id=\"h.p_oCRBfSDrY0L2\" class=\"zfr3Q\">L\u2019inscription inclut l\u2019acc\u00e8s aux conf\u00e9rences, l\u2019h\u00e9bergement en pension compl\u00e8te (le cas \u00e9ch\u00e9ant), les pauses-caf\u00e9, du mardi 21 midi au vendredi 24 midi compris.<\/p>\t\t\t\t\t\t<\/div>\n\t\t\t\t<\/div>\n\t\t\t\t<section class=\"elementor-section elementor-inner-section elementor-element elementor-element-caf2bb0 elementor-section-boxed elementor-section-height-default elementor-section-height-default\" data-id=\"caf2bb0\" data-element_type=\"section\">\n\t\t\t\t\t\t<div class=\"elementor-container elementor-column-gap-default\">\n\t\t\t\t\t<div class=\"elementor-column elementor-col-50 elementor-inner-column elementor-element elementor-element-e93f92d\" data-id=\"e93f92d\" data-element_type=\"column\">\n\t\t\t<div class=\"elementor-widget-wrap elementor-element-populated\">\n\t\t\t\t\t\t<div class=\"elementor-element elementor-element-5b66f2d eael-pricing-content-align-center eael-pricing-button-align-center elementor-widget elementor-widget-eael-pricing-table\" data-id=\"5b66f2d\" data-element_type=\"widget\" data-widget_type=\"eael-pricing-table.default\">\n\t\t\t\t<div class=\"elementor-widget-container\">\n\t\t\t                    <div class=\"eael-pricing style-1 eael-header-devider\">\n                <div class=\"eael-pricing-item \">\n                    <div class=\"header\">\n                        <h2 class=\"title\">Inscription en demi pension<\/h2>\n                    <\/div>\n                    <div class=\"eael-pricing-tag\">\n                        <span class=\"price-tag\"><span class=\"original-price\">451<span class=\"price-currency\">\u20ac<\/span>\n                    <\/span><\/span><span class=\"price-period\"><\/span>                    <\/div>\n                    <div class=\"body\">\n                                <ul>\n                            <li class=\"eael-pricing-item-feature elementor-repeater-item-22e2c59\">\n                    \n                                <span class=\"li-icon\">\n                <i aria-hidden=\"true\" class=\"fas fa-check\"><\/i>            <\/span>\n\n        \n                    <span >Acc\u00e8s \u00e0 toutes les conf\u00e9rences<\/span>\n                    \n                     \n                <\/li>\n                            <li class=\"eael-pricing-item-feature elementor-repeater-item-56daa53\">\n                    \n                                <span class=\"li-icon\">\n                <i aria-hidden=\"true\" class=\"fas fa-times\"><\/i>            <\/span>\n\n        \n                    <span >S\u00e9jour avec chambre<\/span>\n                    \n                     \n                <\/li>\n                            <li class=\"eael-pricing-item-feature elementor-repeater-item-d3e3c20\">\n                    \n                                <span class=\"li-icon\">\n                <i aria-hidden=\"true\" class=\"fas fa-times\"><\/i>            <\/span>\n\n        \n                    <span >Petit-d\u00e9jeuner<\/span>\n                    \n                     \n                <\/li>\n                            <li class=\"eael-pricing-item-feature elementor-repeater-item-3ca2b9f\">\n                    \n                                <span class=\"li-icon\">\n                <i aria-hidden=\"true\" class=\"fas fa-check\"><\/i>            <\/span>\n\n        \n                    <span >D\u00e9jeuner<\/span>\n                    \n                     \n                <\/li>\n                            <li class=\"eael-pricing-item-feature elementor-repeater-item-3b70493\">\n                    \n                                <span class=\"li-icon\">\n                <i aria-hidden=\"true\" class=\"fas fa-times\"><\/i>            <\/span>\n\n        \n                    <span >D\u00eener<\/span>\n                    \n                     \n                <\/li>\n                    <\/ul>\n                        <\/div>\n\t                                <\/div>\n            <\/div>\n                    \t\t<\/div>\n\t\t\t\t<\/div>\n\t\t\t\t\t<\/div>\n\t\t<\/div>\n\t\t\t\t<div class=\"elementor-column elementor-col-50 elementor-inner-column elementor-element elementor-element-179a1b0\" data-id=\"179a1b0\" data-element_type=\"column\">\n\t\t\t<div class=\"elementor-widget-wrap elementor-element-populated\">\n\t\t\t\t\t\t<div class=\"elementor-element elementor-element-9205ea3 eael-pricing-content-align-center eael-pricing-button-align-center elementor-widget elementor-widget-eael-pricing-table\" data-id=\"9205ea3\" data-element_type=\"widget\" data-widget_type=\"eael-pricing-table.default\">\n\t\t\t\t<div class=\"elementor-widget-container\">\n\t\t\t                    <div class=\"eael-pricing style-1 eael-header-devider\">\n                <div class=\"eael-pricing-item featured ribbon-1\">\n                    <div class=\"header\">\n                        <h2 class=\"title\">Inscription en pension compl\u00e8te<\/h2>\n                    <\/div>\n                    <div class=\"eael-pricing-tag\">\n                        <span class=\"price-tag\"><span class=\"original-price\">638<span class=\"price-currency\">\u20ac<\/span>\n                    <\/span><\/span><span class=\"price-period\"><\/span>                    <\/div>\n                    <div class=\"body\">\n                                <ul>\n                            <li class=\"eael-pricing-item-feature elementor-repeater-item-d869a06\">\n                    \n                                <span class=\"li-icon\">\n                <i aria-hidden=\"true\" class=\"fas fa-check\"><\/i>            <\/span>\n\n        \n                    <span >Acc\u00e8s \u00e0 toutes les conf\u00e9rences<\/span>\n                    \n                     \n                <\/li>\n                            <li class=\"eael-pricing-item-feature elementor-repeater-item-cc861dd\">\n                    \n                                <span class=\"li-icon\">\n                <i aria-hidden=\"true\" class=\"fas fa-check\"><\/i>            <\/span>\n\n        \n                    <span >S\u00e9jour avec chambre<\/span>\n                    \n                     \n                <\/li>\n                            <li class=\"eael-pricing-item-feature elementor-repeater-item-2ecc7e4\">\n                    \n                                <span class=\"li-icon\">\n                <i aria-hidden=\"true\" class=\"fas fa-check\"><\/i>            <\/span>\n\n        \n                    <span >Petit-d\u00e9jeuner<\/span>\n                    \n                     \n                <\/li>\n                            <li class=\"eael-pricing-item-feature elementor-repeater-item-1c813ed\">\n                    \n                                <span class=\"li-icon\">\n                <i aria-hidden=\"true\" class=\"fas fa-check\"><\/i>            <\/span>\n\n        \n                    <span >D\u00e9jeuner<\/span>\n                    \n                     \n                <\/li>\n                            <li class=\"eael-pricing-item-feature elementor-repeater-item-47fe350\">\n                    \n                                <span class=\"li-icon\">\n                <i aria-hidden=\"true\" class=\"fas fa-check\"><\/i>            <\/span>\n\n        \n                    <span >D\u00eener<\/span>\n                    \n                     \n                <\/li>\n                    <\/ul>\n                        <\/div>\n\t                                <\/div>\n            <\/div>\n                    \t\t<\/div>\n\t\t\t\t<\/div>\n\t\t\t\t\t<\/div>\n\t\t<\/div>\n\t\t\t\t\t<\/div>\n\t\t<\/section>\n\t\t\t\t<section class=\"elementor-section elementor-inner-section elementor-element elementor-element-86fc33d elementor-section-boxed elementor-section-height-default elementor-section-height-default\" data-id=\"86fc33d\" data-element_type=\"section\">\n\t\t\t\t\t\t<div class=\"elementor-container elementor-column-gap-default\">\n\t\t\t\t\t<div class=\"elementor-column elementor-col-100 elementor-inner-column elementor-element elementor-element-e8e6bc7\" data-id=\"e8e6bc7\" data-element_type=\"column\">\n\t\t\t<div class=\"elementor-widget-wrap elementor-element-populated\">\n\t\t\t\t\t\t<div class=\"elementor-element elementor-element-2a96dc5 elementor-align-center elementor-widget elementor-widget-button\" data-id=\"2a96dc5\" data-element_type=\"widget\" data-widget_type=\"button.default\">\n\t\t\t\t<div class=\"elementor-widget-container\">\n\t\t\t\t\t<div class=\"elementor-button-wrapper\">\n\t\t\t<a class=\"elementor-button elementor-button-link elementor-size-lg\" href=\"https:\/\/formac.csiesr.eu\/assise\">\n\t\t\t\t\t\t<span class=\"elementor-button-content-wrapper\">\n\t\t\t\t\t\t<span class=\"elementor-button-text\">S'inscrire<\/span>\n\t\t<\/span>\n\t\t\t\t\t<\/a>\n\t\t<\/div>\n\t\t\t\t<\/div>\n\t\t\t\t<\/div>\n\t\t\t\t\t<\/div>\n\t\t<\/div>\n\t\t\t\t\t<\/div>\n\t\t<\/section>\n\t\t\t\t<div class=\"elementor-element elementor-element-ee0cf87 elementor-widget elementor-widget-text-editor\" data-id=\"ee0cf87\" data-element_type=\"widget\" data-widget_type=\"text-editor.default\">\n\t\t\t\t<div class=\"elementor-widget-container\">\n\t\t\t\t\t\t\t<p id=\"h.p_u4Z0I6JFY0Mg\" class=\"zfr3Q\"><em>Tous les tarifs sont indiqu\u00e9s TTC (<strong>TVA incluse de 10%<\/strong>).<\/em><br>Ces tarifs sont&nbsp;<strong>indivisibles.<\/strong><\/p>\n<p id=\"h.p_AEM8dUGkY0Mi\" class=\"zfr3Q\">Ils ne comprennent pas les frais de transport, de stationnement, les consommations individuelles ou extras.<\/p>\n<p id=\"h.p_tqTIbh90Y0Mk\" class=\"zfr3Q\">Toute annulation tardive entra\u00eene la facturation de frais de gestion de 50 \u20ac pour traitement administratif.<\/p>\n<p class=\"zfr3Q\"><em>Ce formulaire est valable pour l\u2019inscription aux assises du CSIESR<\/em><br><em>La pr\u00e9sidence du CSIESR s\u2019engage \u00e0 ce que les donn\u00e9es collect\u00e9es :<\/em><br><em>&nbsp; \u2013 patronyme,<\/em><br><em>&nbsp; \u2013 courriel professionnel,<\/em><br><em>&nbsp; \u2013 \u00e9tablissement,<\/em><br><em>&nbsp; \u2013 adresse professionnelle<\/em><br><em>soient uniquement utilis\u00e9es pour la gestion des assises<\/em><\/p>\n<p><em>Pour adh\u00e9rer \u00e0 l\u2019association, rendez-vous sur <a href=\"https:\/\/formac.csiesr.eu\/adhesion\">https:\/\/formac.csiesr.eu\/adhesion<\/a><\/em><\/p>\t\t\t\t\t\t<\/div>\n\t\t\t\t<\/div>\n\t\t\t\t\t<\/div>\n\t\t<\/div>\n\t\t\t\t\t<\/div>\n\t\t<\/section>\n\t\t\t\t<\/div>\n\t\t","protected":false},"excerpt":{"rendered":"<p>Pour toutes questions :\u00a0gestion@csiesr.eu Important : Votre \u00e9tablissement doit \u00eatre adh\u00e9rent du CSIESR les r\u00e9servations ne deviennent inscriptions qu\u2019\u00e0 r\u00e9ception [&hellip;]<\/p>\n","protected":false},"author":1,"featured_media":0,"parent":0,"menu_order":0,"comment_status":"closed","ping_status":"closed","template":"page-templates\/template_fullwidth.php","meta":{"footnotes":""},"class_list":["post-464","page","type-page","status-publish","hentry","col-lg-4 col-md-6"],"aioseo_notices":[],"_links":{"self":[{"href":"https:\/\/assises.csiesr.eu\/2024\/wp-json\/wp\/v2\/pages\/464","targetHints":{"allow":["GET"]}}],"collection":[{"href":"https:\/\/assises.csiesr.eu\/2024\/wp-json\/wp\/v2\/pages"}],"about":[{"href":"https:\/\/assises.csiesr.eu\/2024\/wp-json\/wp\/v2\/types\/page"}],"author":[{"embeddable":true,"href":"https:\/\/assises.csiesr.eu\/2024\/wp-json\/wp\/v2\/users\/1"}],"replies":[{"embeddable":true,"href":"https:\/\/assises.csiesr.eu\/2024\/wp-json\/wp\/v2\/comments?post=464"}],"version-history":[{"count":90,"href":"https:\/\/assises.csiesr.eu\/2024\/wp-json\/wp\/v2\/pages\/464\/revisions"}],"predecessor-version":[{"id":1473,"href":"https:\/\/assises.csiesr.eu\/2024\/wp-json\/wp\/v2\/pages\/464\/revisions\/1473"}],"wp:attachment":[{"href":"https:\/\/assises.csiesr.eu\/2024\/wp-json\/wp\/v2\/media?parent=464"}],"curies":[{"name":"wp","href":"https:\/\/api.w.org\/{rel}","templated":true}]}}