{"id":466,"date":"2022-10-15T16:27:39","date_gmt":"2022-10-15T14:27:39","guid":{"rendered":"https:\/\/assises.csiesr.eu\/2023\/?page_id=466"},"modified":"2023-03-07T11:48:27","modified_gmt":"2023-03-07T10:48:27","slug":"inscription-partenaires","status":"publish","type":"page","link":"https:\/\/assises.csiesr.eu\/2023\/inscription-partenaires\/","title":{"rendered":"Inscription partenaires"},"content":{"rendered":"\n<p id=\"gmail-h.p_9dIE9ck7wAzJ\"><strong>Les inscriptions ne sont pas encore ouvertes<\/strong><\/p>\n\n\n\n<p id=\"gmail-h.p_Z40qMRrhHde4\"><strong>Pour toutes questions, \u00e9crire \u00e0 l&#8217;adresse :\u00a0<a href=\"mailto:assises.contact@csiesr.eu\" target=\"_blank\" rel=\"noreferrer noopener\"><a rel=\"noreferrer noopener\" href=\"mailto:assises.contact@csiesr.eu\" target=\"_blank\">assises.contact@csiesr.eu<\/a>\u00a0<\/a><\/strong><\/p>\n\n\n\n<p>Les soci\u00e9t\u00e9s retenues par le comit\u00e9 d&#8217;organisation recevront un mail leur permettant de proc\u00e9der \u00e0 leur inscription.<\/p>\n\n\n\n<p id=\"gmail-h.p_h9HPI6UAvczn\"><strong>Partenaires<\/strong><\/p>\n\n\n\n<ul class=\"wp-block-list\">\n<li>S\u00e9jour en pension compl\u00e8te :&nbsp;<strong>780 \u20ac H.T. \/<\/strong> <strong>858 \u20ac T.T.C<\/strong><\/li>\n\n\n\n<li>S\u00e9jour en demi pension :&nbsp;<strong>460 \u20ac H.T.<\/strong> \/ <strong>506 \u20ac T.T.C <\/strong>(d\u00eeners non compris,&nbsp;<code>d\u00e9part du centre tous les soirs avant 18h00<\/code>)<\/li>\n<\/ul>\n\n\n\n<p id=\"gmail-h.p_I_raMhQcvczr\"><em>(<strong>TVA \u00e0 10%<\/strong>).<\/em><br>Ces tarifs sont&nbsp;<strong>indivisibles.<\/strong><\/p>\n\n\n\n<p id=\"gmail-h.p_ZOdtia7rvczs\">Ils ne comprennent pas les frais de transport, de stationnement, les consommations individuelles ou extras.<\/p>\n\n\n\n<p><em>Ce formulaire est valable pour l\u2019inscription aux assises du CSIESR<\/em><br><em>La pr\u00e9sidence du CSIESR s\u2019engage \u00e0 ce que les donn\u00e9es collect\u00e9es :<\/em><br><em>&nbsp; \u2013 patronyme,<\/em><br><em>&nbsp; \u2013 courriel professionnel,<\/em><br><em>&nbsp; \u2013 soci\u00e9t\u00e9,<\/em><br><em>&nbsp; \u2013 adresse professionnelle<\/em><br><em>soient uniquement utilis\u00e9es pour la gestion des assises<\/em><\/p>\n\n\n\n<p><em>Proc\u00e9dure d&#8217;inscription:<\/em><\/p>\n\n\n\n<p><em>Si votre soci\u00e9t\u00e9 a \u00e9t\u00e9 retenue comme partenaire par le comit\u00e9 d&#8217;organisation des assises , vous recevrez par mail&nbsp;un lien direct vous permettant de vous inscrire comme partenaire sur ce site.<\/em><\/p>\n\n\n\n<p><em><strong>Pour toutes questions , \u00e9crire \u00e0 l&#8217;adresse :\u00a0<\/strong><\/em><a href=\"mailto:assises.contact@csiesr.eu\">assises.contact@csiesr.eu<\/a><em><a rel=\"noreferrer noopener\" href=\"mailto:gestion@csiesr.eu\" target=\"_blank\">\u00a0<\/a><\/em><\/p>\n","protected":false},"excerpt":{"rendered":"<p>Les inscriptions ne sont pas encore ouvertes Pour toutes questions, \u00e9crire \u00e0 l&#8217;adresse :\u00a0assises.contact@csiesr.eu\u00a0 Les soci\u00e9t\u00e9s retenues par le comit\u00e9 [&hellip;]<\/p>\n","protected":false},"author":1,"featured_media":0,"parent":0,"menu_order":0,"comment_status":"closed","ping_status":"closed","template":"page-templates\/template_fullwidth.php","meta":{"footnotes":""},"class_list":["post-466","page","type-page","status-publish","hentry","col-lg-4 col-md-6"],"_links":{"self":[{"href":"https:\/\/assises.csiesr.eu\/2023\/wp-json\/wp\/v2\/pages\/466","targetHints":{"allow":["GET"]}}],"collection":[{"href":"https:\/\/assises.csiesr.eu\/2023\/wp-json\/wp\/v2\/pages"}],"about":[{"href":"https:\/\/assises.csiesr.eu\/2023\/wp-json\/wp\/v2\/types\/page"}],"author":[{"embeddable":true,"href":"https:\/\/assises.csiesr.eu\/2023\/wp-json\/wp\/v2\/users\/1"}],"replies":[{"embeddable":true,"href":"https:\/\/assises.csiesr.eu\/2023\/wp-json\/wp\/v2\/comments?post=466"}],"version-history":[{"count":12,"href":"https:\/\/assises.csiesr.eu\/2023\/wp-json\/wp\/v2\/pages\/466\/revisions"}],"predecessor-version":[{"id":977,"href":"https:\/\/assises.csiesr.eu\/2023\/wp-json\/wp\/v2\/pages\/466\/revisions\/977"}],"wp:attachment":[{"href":"https:\/\/assises.csiesr.eu\/2023\/wp-json\/wp\/v2\/media?parent=466"}],"curies":[{"name":"wp","href":"https:\/\/api.w.org\/{rel}","templated":true}]}}