{"id":27,"date":"2019-11-27T09:02:36","date_gmt":"2019-11-27T08:02:36","guid":{"rendered":"http:\/\/assises-new.csiesr.eu\/?page_id=27"},"modified":"2021-09-08T16:10:34","modified_gmt":"2021-09-08T14:10:34","slug":"inscription-congressistes","status":"publish","type":"page","link":"https:\/\/assises.csiesr.eu\/2021\/inscription-congressistes\/","title":{"rendered":"Inscription Congressistes"},"content":{"rendered":"<p>[vc_row][vc_column]\r\n<div id=\"divider-7TNscdS2jl\" class=\"sh-divider sh-divider- sh-divider-content-title_option\">\r\n\t\t\t<div class=\"sh-divider-content\">\r\n\t\t\t<span class=\"sh-divider-title\">\r\n\t\t\t\tAssises CSIESR Inscription\t\t\t<\/span>\r\n\t\t<\/div>\r\n\t<\/div>\r\n            <style type=\"text\/css\">\r\n                #divider-7TNscdS2jl {}#divider-7TNscdS2jl .sh-divider-content:before,#divider-7TNscdS2jl .sh-divider-content:after {border-top-width: 1px;margin-top: -1pxpx;border-top-color: #e4e4e4;border-top-style: solid;}#divider-7TNscdS2jl .sh-divider-title {color: #b8b8b8;}            <\/style>\r\n        [\/vc_column][\/vc_row][vc_row full_height=\u00a0\u00bbyes\u00a0\u00bb columns_placement=\u00a0\u00bbtop\u00a0\u00bb overflow=\u00a0\u00bbdefault\u00a0\u00bb][vc_column width=\u00a0\u00bb1\/2&Prime;][vc_empty_space][vc_message message_box_color=\u00a0\u00bbalert-warning\u00a0\u00bb]Les inscriptions sont closes.[\/vc_message][\/vc_column][vc_column width=\u00a0\u00bb1\/2&Prime;][vc_column_text css_animation=\u00a0\u00bbnone\u00a0\u00bb]<\/p>\n<p id=\"h.p_9dIE9ck7wAzJ\" class=\"zfr3Q\"><strong>Les inscriptions congressistes sont ouvertes.<br \/>\n<\/strong><\/p>\n<p id=\"h.p_Z40qMRrhHde4\" class=\"zfr3Q\"><strong>Pour toutes questions :\u00a0<a class=\"dhtgD aw5Odc\" href=\"mailto:gestion@csiesr.eu\" target=\"_blank\" rel=\"noopener noreferrer\">gestion@csiesr.eu<\/a><\/strong><\/p>\n<p id=\"h.p_vQmmRKJUY0Lz\" class=\"zfr3Q\"><strong>Important : les r\u00e9servations ne deviennent inscriptions qu&rsquo;\u00e0 r\u00e9ception du paiement ou du bon de commande.<\/strong><\/p>\n<p id=\"h.p_oCRBfSDrY0L2\" class=\"zfr3Q\">L&rsquo;inscription inclut l&rsquo;acc\u00e8s aux conf\u00e9rences, l&rsquo;h\u00e9bergement en pension compl\u00e8te (le cas \u00e9ch\u00e9ant), les pauses-caf\u00e9, du lundi 11 midi au jeudi 14 midi compris.<\/p>\n<p id=\"h.p_f2SvaCiJY0L7\" class=\"zfr3Q\"><strong>Adh\u00e9rents\u00a0<\/strong><em>(*)<\/em><\/p>\n<ul class=\"n8H08c UVNKR\">\n<li id=\"h.p_wD3bwjUkY0MI\" class=\"TYR86d zfr3Q\">S\u00e9jour avec chambre (\u00e0 Opio) : <strong>638 \u20ac<br \/>\n<\/strong><\/li>\n<li>S\u00e9jour sans chambre :\u00a0<strong>451 \u20ac\u00a0 <\/strong>(<code class=\"qM9fHf\">d\u00e9part du centre tous les soirs avant 18h00<\/code>)<\/li>\n<\/ul>\n<p id=\"h.p_pud91RlaY0MK\" class=\"zfr3Q\"><strong>Membres d&rsquo;un \u00e9tablissement non adh\u00e9rent<\/strong><\/p>\n<ul class=\"n8H08c UVNKR\">\n<li id=\"h.p_K3enx_Y-Y0MY\" class=\"TYR86d zfr3Q\">Congressistes avec chambre (\u00e0 Opio) : <strong>924 \u20ac <\/strong><strong>Tout public<\/strong><\/li>\n<\/ul>\n<p id=\"h.p_u4Z0I6JFY0Mg\" class=\"zfr3Q\"><em>Tous les tarifs sont indiqu\u00e9s TTC (<strong>TVA incluse de 10%<\/strong>).<\/em><br \/>\nCes tarifs sont\u00a0<strong>indivisibles.<\/strong><\/p>\n<p id=\"h.p_AEM8dUGkY0Mi\" class=\"zfr3Q\">Ils ne comprennent pas les frais de transport, de stationnement, les consommations individuelles ou extras.<\/p>\n<p id=\"h.p_tqTIbh90Y0Mk\" class=\"zfr3Q\">Toute annulation tardive entra\u00eene la facturation de frais de gestion de 50 \u20ac pour traitement administratif.<\/p>\n<p>Vous pouvez utiliser le <a href=\"https:\/\/assises.csiesr.eu\/2021\/pratique\/#form-navette-csiesr\" target=\"_blank\" rel=\"noopener noreferrer\">formulaire con\u00e7u\u00a0 pour organiser les navettes dans la page pratique<\/a><\/p>\n<p class=\"zfr3Q\"><em>Ce formulaire est valable pour l&rsquo;inscription des assises du CSIESR 2021<\/em><br \/>\n<em>La pr\u00e9sidence du CSIESR s\u2019engage \u00e0 ce que les donn\u00e9es collect\u00e9es :<\/em><br \/>\n<em>\u00a0 &#8211; patronyme, <\/em><br \/>\n<em>\u00a0 &#8211; courriel professionnel,<\/em><br \/>\n<em>\u00a0 &#8211; \u00e9tablissement,<\/em><br \/>\n<em>\u00a0 &#8211; adresse professionnelle<\/em><br \/>\n<em>soient uniquement utilis\u00e9es pour la gestion des assises<\/em><\/p>\n<p><em>(*) Pour adh\u00e9rer \u00e0 l&rsquo;association, rendez-vous sur\u00a0<a class=\"dhtgD aw5Odc\" href=\"https:\/\/www.csiesr.eu\/adhesion\" target=\"_blank\" rel=\"noopener noreferrer\">https:\/\/www.csiesr.eu\/adhesion<\/a><\/em>[\/vc_column_text][\/vc_column][\/vc_row]<\/p>\n","protected":false},"excerpt":{"rendered":"<p>[vc_row][vc_column][\/vc_column][\/vc_row][vc_row full_height=\u00a0\u00bbyes\u00a0\u00bb columns_placement=\u00a0\u00bbtop\u00a0\u00bb overflow=\u00a0\u00bbdefault\u00a0\u00bb][vc_column width=\u00a0\u00bb1\/2&Prime;][vc_empty_space][vc_message message_box_color=\u00a0\u00bbalert-warning\u00a0\u00bb]Les inscriptions sont closes.[\/vc_message][\/vc_column][vc_column width=\u00a0\u00bb1\/2&Prime;][vc_column_text css_animation=\u00a0\u00bbnone\u00a0\u00bb] Les inscriptions congressistes sont ouvertes. Pour toutes questions :\u00a0gestion@csiesr.eu Important : les r\u00e9servations ne deviennent inscriptions qu&rsquo;\u00e0 r\u00e9ception du paiement ou du bon de commande. L&rsquo;inscription inclut l&rsquo;acc\u00e8s aux conf\u00e9rences, l&rsquo;h\u00e9bergement en pension compl\u00e8te&#8230;<\/p>\n","protected":false},"author":7,"featured_media":0,"parent":0,"menu_order":0,"comment_status":"closed","ping_status":"closed","template":"","meta":{"footnotes":""},"class_list":["post-27","page","type-page","status-publish","hentry"],"_links":{"self":[{"href":"https:\/\/assises.csiesr.eu\/2021\/wp-json\/wp\/v2\/pages\/27","targetHints":{"allow":["GET"]}}],"collection":[{"href":"https:\/\/assises.csiesr.eu\/2021\/wp-json\/wp\/v2\/pages"}],"about":[{"href":"https:\/\/assises.csiesr.eu\/2021\/wp-json\/wp\/v2\/types\/page"}],"author":[{"embeddable":true,"href":"https:\/\/assises.csiesr.eu\/2021\/wp-json\/wp\/v2\/users\/7"}],"replies":[{"embeddable":true,"href":"https:\/\/assises.csiesr.eu\/2021\/wp-json\/wp\/v2\/comments?post=27"}],"version-history":[{"count":0,"href":"https:\/\/assises.csiesr.eu\/2021\/wp-json\/wp\/v2\/pages\/27\/revisions"}],"wp:attachment":[{"href":"https:\/\/assises.csiesr.eu\/2021\/wp-json\/wp\/v2\/media?parent=27"}],"curies":[{"name":"wp","href":"https:\/\/api.w.org\/{rel}","templated":true}]}}